 What are the prime factors of p?
3, 5
What are the prime factors of (1 + -5)/(4/(-96))?
2, 3
Let n = 175 - 28. What are the prime factors of n?
3, 7
Let n(d) = d**3 - 26*d**2 + 31*d + 11. List the prime factors of n(25).
7, 23
Let c(j) = j**3 - 7*j**2 + 7*j + 10. What are the prime factors of c(7)?
59
Let v = 10 - 7. Suppose -5*l - 31 + 156 = 0. Suppose -8*k + v*k + l = 0. What are the prime factors of k?
5
Let c(w) = 2*w**2 - 3*w + 2. Let k be c(4). Let p = 10 + -7. Suppose 2*i = -5*b + k, 2*b + 2*i = -p*i + 13. What are the prime factors of b?
2
Suppose 16 = 3*c + 82. What are the prime factors of 4/(-12)*(1 + c)?
7
Suppose 4*a - 97 = 67. List the prime factors of a.
41
Let v(s) = s**2 - s. Let c be v(-1). Let t(p) = -4 + 4*p**c + 10*p - p**3 - 5 + 3*p**2. List the prime factors of t(8).
7
Suppose 5*g - 114 = -3*f, 6 = g - 5*f - 0. What are the prime factors of g?
3, 7
Suppose 5*l - 85 = 3*c - 7*c, 3*l - 2*c - 73 = 0. Suppose 0*g - g = -5*t + 64, 0 = 2*t - 5*g - l. What are the prime factors of t?
13
Suppose -4*m + 280 = m. List the prime factors of m.
2, 7
Let l(x) be the second derivative of x**4/12 + 5*x**3/6 + 2*x. Let i be l(-5). Suppose i = 4*u - 14 - 14. What are the prime factors of u?
7
Let c(d) = -d**2 - 4*d + 3. Let s be (-6)/9 + 26/(-6). Let k be c(s). List the prime factors of (k - -2 - -17) + -3.
2, 7
Suppose 0 = 5*h - p - 57 - 4, 2*h - 5*p = 6. List the prime factors of h.
13
Suppose 5*z - 10 = 0, 4*j = -5*z + 18 + 24. Let l = j - 3. What are the prime factors of l?
5
Let b = -33 + 42. List the prime factors of b.
3
Let w = 22 - 8. Let h = w + -10. What are the prime factors of h?
2
Let d(x) = -15*x. Let b be d(-4). Suppose 4*z + 0*z - i = b, -68 = -4*z + 3*i. List the prime factors of z.
2, 7
Suppose -4 = k, -5*b - 3*k + 1 = -7. Suppose -b*s - 5*u + 21 = 0, 4*s - 4 = -u + 13. What are the prime factors of s?
2
Suppose -38 = -t + 39. List the prime factors of t.
7, 11
Let a be (-4)/12 + (-368)/(-6). What are the prime factors of a/9 + 2/9?
7
List the prime factors of -3 - 3/(-1) - (-93 + -4).
97
Let n = -31 + 62. What are the prime factors of n?
31
Let v(t) = t + 3. Let s be v(0). Suppose 0 = 3*q - 4*q + s. Suppose 2*y = -3*u + 1, q*u = 4*y - 9 - 2. What are the prime factors of y?
2
Suppose -3*h = -564 + 99. Suppose h = 5*q + 40. List the prime factors of q.
23
Suppose h + 4*h = -4*x + 34, 4*x - 14 = 5*h. Suppose 60 = x*r - r + 2*m, 5*r - 3*m - 85 = 0. Suppose j - 2*j = -r. List the prime factors of j.
2, 7
Let t(a) = a**3 + 9*a**2 + 7*a. Let h be t(-8). Let z = 22 - h. Let y = z - 10. What are the prime factors of y?
2
Let r(n) be the first derivative of -n**3/3 + 3*n**2 + 4*n + 1. List the prime factors of r(6).
2
Let s be 11 + (1 - 2)/(-1). Let g be (5/(-5))/((-1)/4). Suppose 3*f - s = -3*d, g*d = 4*f + 3*d - 21. List the prime factors of f.
5
Suppose -233 = -2*p - 2*t + 1637, -4*p = -3*t - 3705. List the prime factors of 3/7 + p/35.
3
Suppose -i + 2*i - 14 = 0. Suppose -10 = -4*h + i. What are the prime factors of h?
2, 3
Let s be (-2 + 122)/5 + -1. Let x = 12 - 5. Let o = s - x. What are the prime factors of o?
2
Let j = 114 + 101. What are the prime factors of j?
5, 43
Let t(c) = -c**3 - 9*c**2 - 8*c + 1. Let w be (1/2)/(4/(-56)). Let u be t(w). What are the prime factors of u/(-2) + 4/(-8)?
2, 5
Let w be 168/35 + 2/10. Suppose -4*t = -w*g - 46, -4*t + g = t - 47. List the prime factors of t.
3
Suppose -3*l - 5 = 28. Suppose 2*g - 4*g = -46. Let x = l + g. List the prime factors of x.
2, 3
Let m(h) = -4*h**2 - 5*h + 1. Let w(x) be the third derivative of -x**5/60 - x**4/24 + x**2. Let g(z) = -m(z) + 3*w(z). What are the prime factors of g(-5)?
2, 7
Suppose 0 = 5*b + 5*y - 200, 0*y = -3*b - 4*y + 125. What are the prime factors of b?
5, 7
Suppose 2*s - 190 = 4*t, -2*s - 8*t + 190 = -5*t. What are the prime factors of s?
5, 19
Suppose -4*i - 34 + 3 = -l, 4*l + 5*i = 124. What are the prime factors of l?
31
Let m(y) = y - 4. Suppose -2*v + 14 = 2. What are the prime factors of m(v)?
2
Let a(u) = -3*u + 2*u**3 - u**3 + 2*u**2 + 3*u**2 - 6. List the prime factors of a(-4).
2, 11
Suppose -d - 2 = -2*d, u = -4*d + 27. Let v = u + 5. What are the prime factors of v?
2, 3
Suppose 2*q - 85 = -3*n, -n + 34 + 41 = 2*q. Suppose l + 0*l + f - 7 = 0, -5*l + q = -5*f. What are the prime factors of l?
7
Let b be (0 - 1)/((-7)/28). Suppose -4*y = b*j - 56, 3*j - 21 - 20 = -4*y. What are the prime factors of j?
3, 5
Let s = -25 + 42. What are the prime factors of s?
17
Let d = -111 - -405. What are the prime factors of d?
2, 3, 7
Let z be (-30)/(-4)*(-24)/10. Let p be z*(3 - 10/3). Let r = 19 - p. List the prime factors of r.
13
Suppose 5*z - 4 = 4*z. Suppose 0*p - z*p = -76. List the prime factors of p.
19
Suppose -5*p - 85 = -385. Suppose 5*s - p = 2*h - 0*h, 0 = -s - 2*h + 12. What are the prime factors of s?
2, 3
Let s = -335 + 510. Suppose 8*t - 3*t = s. What are the prime factors of t?
5, 7
Suppose d = -3*w + 156, 2*w + 5*d = 125 - 34. List the prime factors of w.
53
Suppose c - 18 = -0*c. Suppose c = -5*u + 73. List the prime factors of u.
11
Suppose -91 = -5*w + 2*d - d, -35 = -w - 4*d. List the prime factors of w.
19
Suppose 0 = -4*o - y + 11, 0 = 2*o + 3*y - 8 - 5. Suppose o*p = -p. Suppose -2 = -a - p*a. What are the prime factors of a?
2
Suppose 2*z = -5*x - 0*z + 25, -4*z = 5*x - 15. Let v = x + -4. What are the prime factors of v?
3
Suppose -6*a = -2*a - 16. Suppose 3*s + s = 5*h + 16, -3*h = -s + a. Suppose h*j - 2*j + r = -21, -5*j + 55 = -2*r. What are the prime factors of j?
13
Let g be 6/7*441/3. List the prime factors of g/((-12)/(-4)) - 2.
2, 5
Let v(m) be the second derivative of -1/6*m**3 - m + 0 + 0*m**2 + 1/3*m**4. What are the prime factors of v(1)?
3
List the prime factors of (348/(-10))/((-2)/5).
3, 29
Let g = 95 - 41. Let m = -24 + g. List the prime factors of m.
2, 3, 5
Let u be (8/(-6))/((-8)/36). List the prime factors of 21/14*40/u.
2, 5
Suppose 4*z + 1 = -3*o + 145, -161 = -5*z + o. Let v = -20 + z. List the prime factors of v.
13
Let m(b) = b. Let t be m(4). Let p(c) = t*c**2 - c - c**3 - 1 - 2 + 3*c. List the prime factors of p(3).
2, 3
Suppose 0 = 2*u + 19 - 111. Suppose u = 5*r - 129. What are the prime factors of r?
5, 7
List the prime factors of -2*2*2*(-195)/24.
5, 13
Let g be (3*-1)/((-3)/8). Suppose 2*u = g, 2*v + 3*v - 5 = 5*u. What are the prime factors of (-52)/(-5) + 3/v?
11
Let f(z) = 6*z. Let k be f(5). Let x = k - 11. What are the prime factors of x?
19
Suppose 5*a - 25 = 0, -4 = -4*q + 3*a + 1. Suppose -50 = -5*g + q*c, 0 = g - 5*c + 1 - 7. What are the prime factors of g?
11
Let q = -15 + 26. What are the prime factors of q?
11
Suppose 5*j = 76 + 89. What are the prime factors of j?
3, 11
Let q be (-3)/(9/93) + 1. Let d = 52 + q. What are the prime factors of d?
2, 11
Let f = -135 - -274. List the prime factors of f.
139
Let l(o) = -o**3 + 5*o**2 + 2. Let m be l(3). Suppose -2*w + 30 + 4 = 4*j, m = w + 5*j. What are the prime factors of w?
3, 5
Suppose 3*c - 2*n = 81, 2*c - 3*c - 3*n + 27 = 0. Suppose -c + 90 = 3*y. What are the prime factors of y?
3, 7
Let d(t) = t**3 - 5*t**2 + 5*t. Let l be (-37)/(-7) + (-8)/28. What are the prime factors of d(l)?
5
Let s(d) = -d**2 + 11. What are the prime factors of s(0)?
11
Let l be (0 + (0 - -1))*-8. Suppose 0*g + g = 12. Let r = g + l. List the prime factors of r.
2
Let f be 12/(-16)*8/(-3). Suppose 49 = -f*j + 177. List the prime factors of (-18)/(-30) - j/(-10).
7
Let p(f) = -f**3 - 11*f**2 - f + 2. List the prime factors of p(-11).
13
Let z = 66 - 43. What are the prime factors of z?
23
Let w(g) = -g**2 + 5*g + 13. Let o be w(10). Let t = 81 + o. Suppose q - m = 9, t = q + 3*q + 4*m. List the prime factors of q.
2, 5
Let n(j) = -7*j - 3. Let a be n(-3). List the prime factors of 9/a + (-43)/(-2).
2, 11
Let f(x) = 3 + 0*x - 1 + x**3 + 0*x + 9*x**2. What are the prime factors of f(-9)?
2
Suppose 2*z + 52 = -2*c, 0*c - 5*c - 125 = 4*z. Let h be 12*(2 - c/(-6)). List the prime factors of 4/h + 74/9.
2
Let o be 2/2*1 + 20. Let m = -7 + o. List the prime factors of m.
2, 7
Let z be ((-33)/(-9))/((-2)/(-6)). Let c be (-1 + 0)*(-2 - 1). Suppose 4*i = z - c. List the prime factors of i.
2
Let p(l) = -l**2 + 7*l - 8. Let m be p(7). Let n = m - -12